 is divided by t?
18
Suppose 2 - 18 = -4*w. Suppose -2*c + 7*c + 123 = k, -w*k + 428 = -4*c. What is the remainder when k is divided by 15?
13
Suppose -5*q + 1198 = 103. Calculate the remainder when q is divided by 56.
51
Let p = -103 - -149. Let x(v) = -2*v - 27. Let t be x(-11). Let j(f) = -2*f + 6. What is the remainder when p is divided by j(t)?
14
Let s(i) = -i**3 + 7*i**2 - 6*i + 7. Let o be s(5). What is the remainder when 612/o + (-4)/(-3) is divided by 3?
0
Let i(d) = 2*d + 5. Let n be i(6). Suppose 0 = -4*o - c - n, -c = -o + 3*c. Let x = o - -59. What is the remainder when x is divided by 29?
26
Calculate the remainder when ((-426)/(-4))/(8/16) is divided by 35.
3
Let p(h) = -h**2 - 24*h - 31. Let m = -64 - -42. What is the remainder when p(m) is divided by 4?
1
Let x(j) = 51*j + 21. Let c be x(-14). Calculate the remainder when (2/(-6))/(3*7/c) is divided by 6.
5
Suppose 0*c = 2*c - 452. What is the remainder when 113 is divided by (-3)/(-4) + 1*c/8?
26
Let u(w) = w**2 + 23*w + 69. Calculate the remainder when 357 is divided by u(-20).
6
Suppose 0 = 4*g - 20, -5*g - 57 = 5*a - 197. Suppose -2*t + 16 = 2*x, 4*t - 26 = -0*t - x. What is the remainder when 1/(-2) - a/(-2) is divided by t?
5
Let c be (-20)/(-6) + (-16)/12 + 1. Suppose c*w - m - 236 = 0, 2*w - 5*m = 7*w - 380. What is the remainder when w is divided by 20?
18
Let l(d) = -5 - 2*d - 9*d - 3*d**3 + 11*d. Let m(b) = -b**3 + 73. What is the remainder when m(0) is divided by l(-2)?
16
Suppose -5*p = -4*k + 115, -4*k + k - 3*p = -93. Calculate the remainder when 79 is divided by k.
19
Suppose -470*f = -461*f - 342. Suppose 2*g = t - 2*g - 25, -2*g + 103 = 5*t. What is the remainder when f is divided by t?
17
Suppose 3*p - 74 = m, 4*m = -130*p + 134*p - 112. What is the remainder when 43 is divided by p?
20
Let q(s) = -s**3 - 41*s**2 + 99*s + 619. Calculate the remainder when q(-43) is divided by (21 - -1) + -1*1.
18
Calculate the remainder when ((-4613)/(-49)*7)/1 is divided by 20.
19
Suppose -7098 = 11*d - 50*d. What is the remainder when d is divided by 55?
17
Suppose -11*j + 5*j + 294 = 0. Let v = j - 35. Calculate the remainder when 22 is divided by v.
8
Let i = 482 + 27. What is the remainder when i is divided by 16?
13
Let g = 13 + -9. Let r(q) = -3 + 16 + 4*q**2 - 8 - g*q. What is the remainder when r(4) is divided by 14?
11
Let w = 21 + -21. Suppose w*d - 5*p = -2*d + 6, 4*d - 12 = 5*p. Suppose -n - 4 = -d*n. What is the remainder when 5 is divided by n?
1
Let g = -45 - -50. Suppose 0*r + 64 = 3*p - 4*r, 5*r = -5. Suppose 3*j = -8*h + 3*h + 9, 4*h = j - p. Calculate the remainder when j is divided by g.
3
Suppose 0 = -4*p + 2*w + 10, p = 2*p - w - 3. Suppose -6*y = -y - 10. Calculate the remainder when y is divided by 4/(-4) - p/(-1).
0
Let l(k) = -k**2 - 5*k - 3. Let o(i) = 3*i**2 + 11*i + 6. Let h(v) = 5*l(v) + 2*o(v). What is the remainder when h(5) is divided by 4?
3
Let a(u) = 24 - 6*u - 2*u + 7*u. What is the remainder when 47 is divided by a(11)?
8
Suppose p - 930 = -4*p + 4*x, 935 = 5*p - 5*x. What is the remainder when p is divided by 50?
32
Let l = -247 + 348. Suppose -19 = -8*u + l. Calculate the remainder when u is divided by 8.
7
Let p = 40 + -55. What is the remainder when 85 is divided by 6/p*(-1 + -109)?
41
Let b be ((-49)/(-2))/(5/10). Let d = -29 + b. Calculate the remainder when d is divided by 7.
6
What is the remainder when (-1 - (1 + 0)) + (15 - -40) is divided by 5?
3
Suppose 8*t = -150 + 38. Let c(z) = z**2 + 7*z - 15. What is the remainder when c(t) is divided by 17?
15
Let j(b) = b**3 - 6*b**2 + 4*b - 8. Calculate the remainder when 171 is divided by j(6).
11
Let o(r) = 13*r + 13. Let p be o(-6). Let y = 15 - p. What is the remainder when 30 is divided by y/(-25)*(-10)/4?
6
Let v = -4 + 6. Suppose -x + v*u - 18 = 0, 3*u + 97 = -4*x + 3. Let j = -18 - x. What is the remainder when 11 is divided by j?
3
Let j(v) be the first derivative of v**2/2 - 2*v - 69. Let p = 6 + -1. What is the remainder when 4 is divided by j(p)?
1
Let w(z) = z**2. Let i be w(0). Suppose l + l - 16 = i. Let s = l + -1. Calculate the remainder when 19 is divided by s.
5
Let c be (-1)/3 + (-98)/(-6). Let y = -1 + c. Let q(b) = 2*b**2 - 65*b + 363. What is the remainder when y is divided by q(7)?
3
Suppose 4*i - 10 = 2. Suppose 0 = i*y - 2 - 4. What is the remainder when 27 is divided by (y/6)/(2/84)?
13
Suppose h + 3*h - 3*y = 13, -25 = -5*h - 5*y. Suppose -5*b = 15, -4*b + 41 = h*v - 159. What is the remainder when v is divided by 14?
11
Let h(s) be the first derivative of -s**3/3 + 7*s**2 - 5*s - 16. Let g = -19 + 40. Calculate the remainder when g is divided by h(13).
5
Let o(z) = 2*z**2 + 3*z - 196. Calculate the remainder when o(11) is divided by 47.
32
What is the remainder when 166 is divided by (-2)/(46/(-437)*1/3)?
52
Calculate the remainder when 0 + 10 + -21 - -239 is divided by 8*6 + -1 + -1.
44
Let i be (-63)/28 - 3/4. Let z be 17/3 + (-1)/i. Let x(d) = d**2 - 4*d - 7. What is the remainder when x(z) is divided by 3?
2
What is the remainder when 26 is divided by 5/(-1)*((-832)/65)/16?
2
Suppose -8*s + 137 = -71. Calculate the remainder when 100 is divided by s.
22
Let x be (-3 + 1)*(-7 - -11). Let g(y) = y**2. Let n(f) = -4*f**2 + 5*f - 4. Let b(p) = 5*g(p) + n(p). Calculate the remainder when 37 is divided by b(x).
17
Let f = -76 + 136. Let g = 64 - f. Calculate the remainder when 25 is divided by g.
1
Let i be -12*(4 + (-54)/8). Let j = 8 + i. What is the remainder when j is divided by 15?
11
Suppose -4*n = x - 66, 2*n - 30 = -x - x. Calculate the remainder when 99 is divided by n.
14
Suppose -5*k + 25 = 3*m, -13*k = 5*m - 12*k - 27. Calculate the remainder when 11 is divided by m.
1
Let v(r) = r**2 - 2*r + 8. Calculate the remainder when 67 is divided by v(-4).
3
Let q(v) = 2*v**2 - 84*v - 243. What is the remainder when 168 is divided by q(45)?
6
Let f be 4/(1/(-1)) + 0. Calculate the remainder when (2 - 214)/f - (-1 - -1) is divided by 27.
26
Suppose -36 = -6*d - 0*d. Suppose 0 = -d*h - 36. What is the remainder when 1 + 33 + 2 + h is divided by 11?
8
Let f = 55 - 2. Suppose -4 - 128 = -22*n. What is the remainder when f is divided by n?
5
Calculate the remainder when 876/9 - 0 - 36/(-54) is divided by 1.
0
Suppose -20*z + 50*z - 1140 = 0. Calculate the remainder when 225 is divided by z.
35
Let w(a) = a**3 + 9*a**2 + 11*a + 4. Let v = -35 - -28. What is the remainder when 97 is divided by w(v)?
22
Suppose h - 299 + 293 = 0. What is the remainder when 117 is divided by h?
3
Suppose 47 + 49 = 2*d. What is the remainder when 189 is divided by d?
45
Let r = -25 + 17. Calculate the remainder when 101 is divided by (r/(-10))/(12/390).
23
Suppose -816*x + 69 = -813*x. Calculate the remainder when 309 is divided by x.
10
Calculate the remainder when (17 - 107)*(-3 + 2) is divided by 34.
22
Suppose -o = 4*u - 192, -48 = -u - 5*o + 3*o. Let q = 20 - 12. Calculate the remainder when 7/(28/u) + 2 is divided by q.
6
Suppose 4*n = 0, 138*r = 135*r - 3*n + 264. What is the remainder when 243 is divided by r?
67
Let i(r) = 158*r - 26. Calculate the remainder when i(4) is divided by 76.
74
Let k = 2 + -3. Let a be -5*-16*k/10. Let d = 8 - a. Calculate the remainder when 59 is divided by d.
11
Suppose -3*h - 143 = -5*s, -5*h - 73 = 161*s - 164*s. What is the remainder when 211 is divided by s?
25
Suppose -14*h + 8*h + 378 = 0. What is the remainder when h is divided by 17?
12
Let z = -79 - -47. What is the remainder when 55 is divided by 2*-1 - (z - (5 - 5))?
25
Suppose 123 = 3*y - 129. Suppose 5*p = p + y. Calculate the remainder when p is divided by (-141)/(-12) - (-30)/120.
9
Calculate the remainder when 454 is divided by ((-3009)/34)/(12/(-16)).
100
Let r(s) = -s**2 + 2*s - 4. Let h be r(4). Calculate the remainder when 51 is divided by 0 - 32/(-6) - h/18.
3
What is the remainder when 31*(10/(-4))/(7/(-14)) is divided by 79?
76
Suppose 0*r = -2*r + 28. Let b = r + 4. What is the remainder when 51 is divided by b?
15
Suppose 182*f = 191*f - 2106. What is the remainder when f is divided by 22?
14
Let d be ((-2)/1)/(8/100). What is the remainder when 33 is divided by 3/(-15) - 230/d?
6
Let k(q) = -q**3 + 4*q**2 + 3*q - 4. Let a be k(4). Let r(n) = 11*n**2 + 4*n - 3. 